Let y be f(11). What are the prime factors of 104/y + (-26)/(-6) + -5?
2, 17
Let k = -18 - -16. List the prime factors of k + 2 + (148 - 0) + -1.
3, 7
Suppose 10 = 5*u - 10. Suppose 2*l + 20 = u*l. List the prime factors of l.
2, 5
Suppose 3*z - 4710 = -3*v, 9*z + 4702 = 12*z - v. What are the prime factors of z?
2, 7
Let x(h) = h**2 - 26*h + 12. Let c be x(25). List the prime factors of (-923)/(-4) - (78/24)/c.
3, 7, 11
Let y(b) = -2*b**3 - 2*b - 2. Let p be (-2)/(-13) - (-4)/(-52)*28. List the prime factors of y(p).
2, 3
Let a(p) = -1144*p**3 + 6*p + 5. List the prime factors of a(-1).
3, 127
Let l(w) = w. Suppose -2*r + 2 + 0 = 0. Let b(x) = -x + 11. Let k(a) = r*b(a) + 2*l(a). What are the prime factors of k(-9)?
2
Let t = 4 - 5. Let l = 226 - 211. Let q = l + t. What are the prime factors of q?
2, 7
Let r be (-4)/(-4) + 0 + 3. Suppose -2*v - 3*i = -6, -r*v + 2*v + 16 = -2*i. Let y(n) = -n**2 + 17*n - 13. List the prime factors of y(v).
53
Let r(s) = 4*s**2 + 5*s - 1. What are the prime factors of r(5)?
2, 31
Let i(j) = 4*j**2 - 17*j + 97. What are the prime factors of i(-27)?
2, 7, 31
Let o = -159 - -163. Suppose -2*k = -5*k - 12. What are the prime factors of k*o/(-16)*25?
5
Suppose 0 = 6*h - 16*h + 7450. List the prime factors of h.
5, 149
Suppose 2*a - 40 = 4*z, -40 - 10 = 5*z - a. Let r = 40 + z. What are the prime factors of r?
2, 3, 5
What are the prime factors of ((-9260)/6)/(217/(-21) + 10)?
2, 5, 463
Let d = 59 - 33. Suppose d = -4*x + 122. List the prime factors of x.
2, 3
Let f = 938 + -663. What are the prime factors of f?
5, 11
Let c = 182 + -122. Suppose 2*h - 3*h = -c. What are the prime factors of h?
2, 3, 5
Let j(c) = c**3 - 8*c**2 + 13*c - 7. Let k be j(6). Let o(b) = 10*b**2 + 3*b + 2. What are the prime factors of o(k)?
3
Let y(r) = 4*r**3 + r**2 - r. Let p be y(1). Let n(d) = -12*d + 68. Let j be n(4). Suppose 204 = p*k + j. What are the prime factors of k?
2, 23
Let n(g) = -2*g**2 + 39*g + 11. Let l be n(20). Suppose 6*y - 3*y - 96 = 0. Let r = y - l. List the prime factors of r.
41
Suppose 2*r = 3*k - 147 - 539, r = k - 227. Let d = 514 - k. List the prime factors of d.
2, 3, 47
Let p be 3/(-12) - 397/(-4). Let i = p - 63. Suppose -i = -2*o + 4. List the prime factors of o.
2, 5
Let d be 10/(-3)*(-24)/10. Let q be -4 - (3 + -3 + 2). Let j = d + q. What are the prime factors of j?
2
Let g = 33 - -198. Suppose g = 2*m + 3*l, m + 83 = 2*m - 5*l. What are the prime factors of m?
2, 3
Suppose 5*b - 3 = 17. Suppose 0 = -2*i + t + 12, -12 = -b*i + t + 8. Suppose -p = -i*p + 75. List the prime factors of p.
5
Let b = 282 - 196. Suppose 5*j - s = 253, -5*j - 3*s + b + 175 = 0. List the prime factors of j.
3, 17
Let g be 25 - (2 - 3) - 3. Suppose -2*p + 0*p - 3*k = -7, -4*p = -3*k - g. Suppose -2*o - 3*x = -p, 2*x - 30 + 10 = -3*o. What are the prime factors of o?
2, 5
Let h(k) be the second derivative of -k**5/20 - k**4/6 - k**3/6 + k**2/2 + 2*k. Let n be h(-2). What are the prime factors of 3 + -1 + 1 + n?
2, 3
Let n(a) = -a**2. Let z(k) = -147*k**3 + 3*k**2 + k - 1. Let m(i) = -2*n(i) - z(i). What are the prime factors of m(1)?
2, 73
Let i be (16 + -16)/(-2 + 0). Suppose -4*x - 4*x + 232 = i. What are the prime factors of x?
29
Let o(h) = h**3 - 10*h**2 - 15*h - 4. Let l be o(13). Suppose 0 = -5*y + 197 + l. What are the prime factors of y?
101
Let x(j) = -7*j - 1. Let i be x(-1). Suppose -4*u + i*u = 26. Let g = u - 9. List the prime factors of g.
2
Suppose -15 + 0 = -5*a. Let t = a + 0. Suppose -5*l - 2*s + 162 = 0, -4*l + 4 = -t*s - 144. What are the prime factors of l?
2, 17
Let z(a) = 9*a**2 + 1. Let t be z(1). Let f = t - 4. Suppose f*l = l + 75. What are the prime factors of l?
3, 5
Let m(t) = -t**2 + 15*t + 19. Let l(j) = -2*j**2 + 31*j + 38. Let a(k) = -3*l(k) + 7*m(k). Let r be a(14). Let o = 1 - r. List the prime factors of o.
2, 5
Suppose -v = 5*g + 13, -5*g + 0 = 15. Suppose 19 = v*i + 1. Suppose 2*l - l = i. List the prime factors of l.
3
Let g be (0 - -24)/(1/8). Suppose 4*x - 4*k - g = 0, 2*x - k = -x + 146. What are the prime factors of x?
7
Let n be (-54)/(-45)*(2 - 51/(-2)). What are the prime factors of 2/3 + 7634/n?
2, 29
What are the prime factors of 26420/(-15)*3*(-9)/18?
2, 1321
Let h = -2 - -3. Let v be 22/6 + h/3. Suppose -i + g = v*g - 58, 4*i = -5*g + 246. What are the prime factors of i?
2
Let i(k) = 2*k**2 + 6*k + 7. Let g be i(-2). What are the prime factors of 2/((-560)/188 + g)?
2, 47
Let a = -338 + 142. List the prime factors of (a/(-10))/(2/5).
7
Suppose q - 7*q = -330. What are the prime factors of q?
5, 11
List the prime factors of (-8 + 17)/9 - -19.
2, 5
Suppose -5*w + 18 = z, 4*w - 8*w = 4*z - 8. List the prime factors of -3 + 6 - (272 - z)/(-2).
2, 5, 7
Let f = 91 + -42. Suppose 2*m - 63 = q + f, -m = 3*q - 49. What are the prime factors of m?
5, 11
Suppose -16*r + 3800 = -8*r. What are the prime factors of r?
5, 19
Suppose 19*g = 23*g. Suppose g = 2*b - 81 - 117. List the prime factors of b.
3, 11
List the prime factors of 453 + ((-15)/3 - -5)/(-1).
3, 151
Let j(a) = 0 + 2*a**2 + 2 + 0 + 6*a + 5*a**2. Let v be j(-4). Suppose 2*r - v = -26. List the prime factors of r.
2
Let h = 166 + 1018. List the prime factors of h.
2, 37
Let k(y) = y**2 + y - 12. Let l(b) = -2*b**2 + 4*b - 1. Let c be l(4). Let n = -25 - c. List the prime factors of k(n).
2, 11
Let v(k) = 6*k - 29. Let r(m) be the second derivative of m**5/20 - 17*m**4/12 + 8*m**3/3 + 6*m**2 - 13*m. Let i be r(16). What are the prime factors of v(i)?
43
Let l(y) = 304*y - 8. Let d be l(2). Suppose z = 3*p + d + 356, -5*p = 2*z + 1586. List the prime factors of p/(-5) - (-4)/10.
2
Let x(a) = a**3 - 16*a**2 - 37*a + 30. Let y be x(18). Suppose 0 = -y*n + 104 + 1012. What are the prime factors of n?
3, 31
Suppose -4*k - 3 = 29. Let d = 34 + k. Let y = d - 10. List the prime factors of y.
2
Suppose 5*d = y - 2153, -4*y + 2605 = 5*d - 5982. What are the prime factors of y?
2, 3, 179
Let u(a) = 5*a + 130. List the prime factors of u(28).
2, 3, 5
List the prime factors of 2/18 - (-3302)/9.
367
List the prime factors of 2*(-2)/(-24) + 82/12.
7
Suppose 3*f + 1794 = h + 4727, -3*h = -f + 991. List the prime factors of f.
2, 61
Let j be 12/(-42) + 478/7. Let i = -14 + j. List the prime factors of i.
2, 3
Let j(k) = k**3 + 5*k**2 - 6*k. Let b be j(-6). Suppose -5*v - 4*a + 463 = b, 0 = -v + 3*a - 4*a + 93. List the prime factors of v.
7, 13
Suppose -33 = -4*h + m, -3 - 12 = 3*m. What are the prime factors of h?
7
Let s(l) = -3 + l + 2*l**2 + 1 - 3. What are the prime factors of s(-6)?
61
Let r be 1 + -2 + 15 + 4. Suppose -4*q = 5*w - 241, w = -3*q + 75 - r. List the prime factors of w.
3, 5
What are the prime factors of 3018*(11 + 65/(-6))?
503
Suppose 6*a = 2*a + 56. Let o = 2 + -6. List the prime factors of (-1288)/(-49) + o/a.
2, 13
Suppose -2*c + 4*x + 2619 = -3*c, -5*c - 13023 = -4*x. List the prime factors of (2/6)/((-11)/c).
79
Suppose -1142*w + 1144*w = 7504. List the prime factors of w.
2, 7, 67
Suppose -3*j = -2*n + 123 - 989, -3*j + 4*n = -874. What are the prime factors of j?
2, 11, 13
Suppose 2*m = 8, 4*r - 6*m + 2*m - 312 = 0. Suppose -2*p = -r - 56. Suppose -3*u + p = -12. What are the prime factors of u?
3
Let s(q) = -72*q + 4740. List the prime factors of s(0).
2, 3, 5, 79
Suppose -4*l + 0 = -3*t + 10, -9 = -l - 5*t. List the prime factors of (3*l)/(4/(-48)).
2, 3
Suppose 13*g + 2892 = 36289. What are the prime factors of g?
7, 367
Let h(b) = -b**3 + 5*b**2 - 3*b + 1. Let z be h(4). Suppose -6*c + z*c + 69 = 0. Suppose 2*p = -4*s + s + 7, c = 4*p - 5*s. List the prime factors of p.
11
Let g = 12 - 17. List the prime factors of (4 - g/(-2))*28.
2, 3, 7
Let k be 3/(-4)*(-6 - -2). Let j(d) = -2 - 5*d + 10*d + k. What are the prime factors of j(3)?
2
Suppose -6 = -4*r - 30. List the prime factors of -15*((-14)/r - 3).
2, 5
What are the prime factors of (-24)/6 + 6 - -205?
3, 23
Suppose 59*b - 52*b - 1435 = 0. List the prime factors of b.
5, 41
Suppose 2*k - 2*c - 1909 = c, -2*c - 3838 = -4*k. What are the prime factors of k?
2, 13, 37
Suppose 0 = -4*w - 6*w + 40. Suppose -964 = -w*n - 2*k, 4*n - 475 = 2*k + 473. What are the prime factors of n?
239
Let a be 4/(-8)*4 - -4. Suppose 32 = a*p - 0*p. Suppose -p - 32 = -2*h. What